is the hundreds digit of 3414280?
2
What is the millions digit of 3088404?
3
What is the units digit of 597694?
4
What is the thousands digit of 14500026?
0
What is the millions digit of 26699862?
6
What is the thousands digit of 67815?
7
What is the ten thousands digit of 12959?
1
What is the hundreds digit of 641676?
6
What is the thousands digit of 7217254?
7
What is the hundred thousands digit of 1759886?
7
What is the ten millions digit of 17062830?
1
What is the thousands digit of 5912648?
2
What is the tens digit of 28704?
0
What is the hundred thousands digit of 530928?
5
What is the ten thousands digit of 12830312?
3
What is the ten millions digit of 15815831?
1
What is the hundred thousands digit of 377287?
3
What is the tens digit of 1766922?
2
What is the thousands digit of 728218?
8
What is the tens digit of 1672393?
9
What is the ten thousands digit of 1650126?
5
What is the hundreds digit of 9703128?
1
What is the units digit of 322457?
7
What is the hundreds digit of 17067203?
2
What is the units digit of 1544513?
3
What is the ten thousands digit of 446933?
4
What is the tens digit of 19123852?
5
What is the tens digit of 4607927?
2
What is the tens digit of 3682459?
5
What is the units digit of 7319?
9
What is the ten thousands digit of 1405712?
0
What is the tens digit of 4790533?
3
What is the tens digit of 141112?
1
What is the millions digit of 4263623?
4
What is the hundred thousands digit of 2662418?
6
What is the hundreds digit of 199038?
0
What is the hundreds digit of 814856?
8
What is the units digit of 2498004?
4
What is the ten thousands digit of 15346565?
4
What is the ten thousands digit of 116434?
1
What is the tens digit of 59043?
4
What is the thousands digit of 603533?
3
What is the tens digit of 9019807?
0
What is the ten thousands digit of 846107?
4
What is the millions digit of 1636982?
1
What is the thousands digit of 13929378?
9
What is the units digit of 4044460?
0
What is the hundreds digit of 1618107?
1
What is the ten thousands digit of 555648?
5
What is the tens digit of 6065461?
6
What is the ten millions digit of 14796172?
1
What is the hundreds digit of 13691275?
2
What is the hundreds digit of 184659?
6
What is the units digit of 2768086?
6
What is the hundreds digit of 17508231?
2
What is the hundreds digit of 52614?
6
What is the tens digit of 2956289?
8
What is the hundred thousands digit of 333246?
3
What is the hundred thousands digit of 383824?
3
What is the hundred thousands digit of 6195789?
1
What is the tens digit of 123401?
0
What is the hundreds digit of 8619446?
4
What is the millions digit of 6158915?
6
What is the hundreds digit of 10484403?
4
What is the hundreds digit of 789620?
6
What is the hundreds digit of 549706?
7
What is the thousands digit of 1850650?
0
What is the hundreds digit of 4859222?
2
What is the ten thousands digit of 659518?
5
What is the hundred thousands digit of 23928371?
9
What is the units digit of 1451558?
8
What is the ten thousands digit of 424212?
2
What is the units digit of 102078?
8
What is the thousands digit of 406571?
6
What is the hundred thousands digit of 214281?
2
What is the tens digit of 586102?
0
What is the ten thousands digit of 26378514?
7
What is the units digit of 806731?
1
What is the hundred thousands digit of 472398?
4
What is the tens digit of 5333842?
4
What is the units digit of 178684?
4
What is the hundred thousands digit of 187594?
1
What is the millions digit of 17131148?
7
What is the ten thousands digit of 295909?
9
What is the hundreds digit of 1637030?
0
What is the thousands digit of 2917840?
7
What is the hundred thousands digit of 2385760?
3
What is the hundreds digit of 7125882?
8
What is the hundred thousands digit of 1463126?
4
What is the thousands digit of 978925?
8
What is the hundred thousands digit of 1098488?
0
What is the ten thousands digit of 92491?
9
What is the millions digit of 12248453?
2
What is the thousands digit of 386179?
6
What is the units digit of 275766?
6
What is the units digit of 167718?
8
What is the units digit of 301343?
3
What is the ten thousands digit of 4597757?
9
What is the ten thousands digit of 6468922?
6
What is the hundreds digit of 900378?
3
What is the hundreds digit of 7490325?
3
What is the units digit of 730272?
2
What is the units digit of 17290239?
9
What is the thousands digit of 6005150?
5
What is the thousands digit of 4606195?
6
What is the tens digit of 27360?
6
What is the ten thousands digit of 2361696?
6
What is the hundreds digit of 1447?
4
What is the hundred thousands digit of 401094?
4
What is the thousands digit of 8981991?
1
What is the tens digit of 86512?
1
What is the thousands digit of 15142057?
2
What is the thousands digit of 8127027?
7
What is the hundreds digit of 1553010?
0
What is the thousands digit of 129165?
9
What is the hundreds digit of 1147026?
0
What is the millions digit of 3864493?
3
What is the tens digit of 7812434?
3
What is the tens digit of 437641?
4
What is the ten thousands digit of 492952?
9
What is the tens digit of 235406?
0
What is the ten thousands digit of 649561?
4
What is the hundreds digit of 252896?
8
What is the hundred thousands digit of 160543?
1
What is the millions digit of 3243990?
3
What is the thousands digit of 765331?
5
What is the ten thousands digit of 2471184?
7
What is the hundreds digit of 630325?
3
What is the hundreds digit of 481869?
8
What is the ten thousands digit of 9254257?
5
What is the tens digit of 7706700?
0
What is the units digit of 999212?
2
What is the tens digit of 121914?
1
What is the thousands digit of 654245?
4
What is the units digit of 1431535?
5
What is the hundreds digit of 31353934?
9
What is the units digit of 423457?
7
What is the thousands digit of 1672470?
2
What is the hundred thousands digit of 5870113?
8
What is the hundreds digit of 830819?
8
What is the hundred thousands digit of 133309?
1
What is the hundreds digit of 23485?
4
What is the ten thousands digit of 529053?
2
What is the tens digit of 164577?
7
What is the thousands digit of 352848?
2
What is the thousands digit of 208671?
8
What is the thousands digit of 616250?
6
What is the tens digit of 1087001?
0
What is the hundred thousands digit of 3294535?
2
What is the tens digit of 4295?
9
What is the thousands digit of 2768100?
8
What is the thousands digit of 935782?
5
What is the ten thousands digit of 117084?
1
What is the hundred thousands digit of 281647?
2
What is the ten thousands digit of 2011494?
1
What is the hundreds digit of 11731475?
4
What is the tens digit of 901165?
6
What is the units digit of 142538?
8
What is the units digit of 328915?
5
What is the thousands digit of 889119?
9
What is the thousands digit of 5614844?
4
What is the millions digit of 10015356?
0
What is the millions digit of 1509229?
1
What is the hundred thousands digit of 1051810?
0
What is the hundreds digit of 1556754?
7
What is the units digit of 162118?
8
What is the hundreds digit of 30663?
6
What is the units digit of 1642301?
1
What is the thousands digit of 261114?
1
What is the tens digit of 300660?
6
What is the hundreds digit of 5970905?
9
What is the hundreds digit of 1916108?
1
What is the ten thousands digit of 1115222?
1
What is the units digit of 5048755?
5
What is the hundreds digit of 6238516?
5
What is the hundred thousands digit of 2276455?
2
What is the units digit of 513?
3
What is the tens digit of 40005?
0
What is the tens digit of 133796?
9
What is the millions digit of 2964036?
2
What is the tens digit of 1606448?
4
What is the tens digit of 138130?
3
What is the units digit of 14906370?
0
What is the millions digit of 8048131?
8
What is the hundred thousands digit of 179354?
1
What is the hundreds digit of 451362?
3
What is the thousands digit of 23509959?
9
What is the hundred thousands digit of 356192?
3
What is the thousands digit of 4927956?
7
What is the thousands digit of 72521?
2
What is the tens digit of 244432?
3
What is the units digit of 7150698?
8
What is the hundreds digit of 1129370?
3
What is the tens digit of 18795348?
4
What is the tens digit of 101223?
2
What is the thousands digit of 526034?
6
What is the hundreds digit of 34908?
9
What is the units digit of 186889?
9
What is 